et b be (-1)/((-2)/(-1))*-38. Suppose -285 = -n + 354. Suppose c + 2*c + 3*j = n, -844 = -4*c - 2*j. What is the highest common divisor of c and b?
19
Let b(f) = -f**3 - 2*f**2 + 19. Let w be b(5). Let q = w - -226. What is the highest common divisor of 50 and q?
10
Suppose x + 67 = 2*x - 2*s, -s + 379 = 5*x. Let m be (-35)/70 + 270/(-4). Let k = 93 + m. What is the highest common factor of x and k?
25
Let j(i) = 10*i + 43. Let l be j(-4). Suppose l*c - 5*o + 108 = 4*c, 4*o = -5*c + 477. Calculate the greatest common factor of c and 1023.
93
Let w = -164 + 380. Suppose 0 = -209*z + w*z - 168. Let g(d) = 2*d + 24. Let m be g(0). Calculate the highest common factor of m and z.
24
Let j(w) = w**3 - 15*w**2 + 43*w - 3. Let g be j(12). Calculate the highest common factor of 153 and g.
9
Let i be 3 - -3*4/3. Suppose -10*n + 1231 = 4*w - i*n, 0 = 3*n - 15. Calculate the greatest common factor of w and 38.
38
Suppose 3*c - 5*u - 177 = 0, -5*c - 2*u = -2*c - 156. Suppose -4*l + 1475 = 2383. Let z = l + 443. What is the highest common divisor of z and c?
54
Suppose 2*b + 3*l - 122 - 346 = 0, -b = l - 235. Calculate the highest common factor of 54 and b.
3
Suppose 0 = -0*z + z. Let m be (4 - 3) + (128/4 - 20). Suppose 3*g - m - 32 = z. Calculate the highest common factor of g and 5.
5
Suppose 10 - 296 = -11*h. Let g be (19 - h)*3*-10. Calculate the greatest common divisor of g and 315.
105
Let f = 1375 + -1325. What is the highest common factor of 400 and f?
50
Let h = 87 + -83. Suppose 55 + 17 = h*n. What is the highest common divisor of n and 102?
6
Let q = 2281 + -2185. Let x be (-3320)/(-140) + 2/7. What is the highest common factor of x and q?
24
Let z be (-1)/((-3)/8)*18093/652. Calculate the greatest common factor of 9435 and z.
37
Let m be 0 - (-3)/(-3) - -4. Let r be (1 - 1)*(-30)/60. Let s = m - r. What is the greatest common divisor of 3 and s?
3
Let i(f) = f**3 - f**2 - 53*f + 960. Let n be i(0). What is the greatest common divisor of 210 and n?
30
Let i(z) = z**2 + 13*z + 35. Let u be i(-11). Suppose -51*t = -46*t + 3*p - u, 2*t - 26 = 4*p. Calculate the highest common factor of 4 and t.
1
Suppose -1316*z + 4644 = -1273*z. What is the greatest common divisor of 10 and z?
2
Let d be ((-10)/(-3))/((-5)/(-30)). Suppose d = g + 4*l, 11*l - 10*l + 2 = 0. What is the highest common divisor of g and 336?
28
Suppose 225 = 201*m - 981. Calculate the highest common factor of m and 7023.
3
Let a = -104 - -149. Let k = -243108 + 243126. Calculate the greatest common divisor of a and k.
9
Let j(q) = 4*q**3 + 2*q**2 - 9*q. Let r(b) = 3*b**3 + b**2 - 8*b. Let g(v) = -4*j(v) + 5*r(v). Let k be g(-2). Calculate the highest common divisor of 32 and k.
4
Let g = 82 + -73. Suppose g*i = -2*i + 1056. What is the highest common factor of 12 and i?
12
Let x be (-1 - -41)/(-4)*4. Let d = x + 55. Let b(c) = -c**3 - 9*c**2 + 20*c - 19. Let i be b(-11). Calculate the greatest common divisor of i and d.
3
Suppose 20*x - 3136 + 636 = 0. Suppose -5*r + 2 = -4*b, 3*r - 4*b = 5*r - 12. Suppose -75 = -r*l - l. Calculate the greatest common divisor of l and x.
25
Let t be (44/(-10) + 2)*((-5175)/135 + 15). What is the highest common factor of t and 364?
28
Let w = 827 + -815. Let d be 6/(64/w + -5). Calculate the highest common factor of d and 2.
2
Let u(h) = -4*h - 20 - h**2 + h + 14 + h**3. Let z be u(3). Suppose 2*v = 3*b - 107, b - 6*b - z*v = -172. What is the highest common factor of 21 and b?
7
Suppose -4*u - 2*u + 4*u = 0. Suppose -f + 12*f - 2420 = u. Calculate the highest common factor of f and 88.
44
Let a be 0*1/(2 + -1). Suppose 2*z = -5*o + 249, z + 3*o + o - 120 = a. Let s = -5951 - -5973. What is the greatest common divisor of z and s?
22
Let m(s) = -s**3 + 12*s**2 + 12. Let w be m(13). Let b = w + 172. Let k be (-2)/(-3)*(-18)/(-4). Calculate the highest common factor of b and k.
3
Let r = 23 + -16. Let u(k) = 20*k - 26. Let x be u(r). Let h be (x/5)/(14/35). Calculate the highest common divisor of h and 38.
19
Let c be (1 + 2)*(4 + 12 + 335). What is the greatest common divisor of c and 13?
13
Let b(k) be the first derivative of -6*k**2 - 38*k + 146. Let p be b(-5). Calculate the highest common factor of p and 22.
22
Suppose 0 = 112*q - 12389 - 11592 - 2899. What is the highest common factor of 220 and q?
20
Let w = -114 + 112. Let n be (-2348)/(-6) - w/3 - -4. What is the highest common factor of 36 and n?
36
Let y(m) = 60*m**3 + 3*m**2 - m + 2. Let j be y(2). Suppose 0 = -3*t - h + 75, -2*h - 3*h - 105 = -5*t. Calculate the highest common divisor of j and t.
12
Let k = -3 + 6. Suppose 4 = -2*j - b, 3*b + 12 = 5*j - 0. Suppose -f - 4*h - 1 = j, -5*f = 2*h + 8 - 75. What is the highest common factor of k and f?
3
Suppose 49*r = 129*r - 1520. Calculate the highest common divisor of r and 1843.
19
Let i(l) = -58*l**3 - 67*l**2 - 194*l + 15. Let m be i(-3). Calculate the greatest common factor of m and 100.
20
Suppose -4*f = -5*f - 3, -93 = -2*p - f. Calculate the highest common divisor of p and 1648.
16
Let k(s) = 4*s**2 - 5*s + 2. Let u = -2 - -5. Let q be k(u). Let i(g) = 46*g - 69. Let a be i(5). Calculate the highest common divisor of q and a.
23
Let d be 9/(-2)*(-120)/135. Calculate the greatest common divisor of 172 and d.
4
Let o be ((398/3)/(-1))/((-5034)/558 + 9). What is the highest common divisor of o and 31?
31
Suppose -19*g - 12*g = -496. Suppose g*s - 8 = 504. What is the highest common factor of 4 and s?
4
Let s be 0 + (-497)/(-7) + 5. Calculate the greatest common divisor of s and 836.
76
Let y be (1534/(-14))/((768/168)/(-32)). Calculate the highest common divisor of y and 1829.
59
Let w be (2934/(-27))/(16/1080*-3). Calculate the highest common divisor of 15 and w.
15
Let f = 6089 - 391. What is the highest common divisor of f and 308?
154
Suppose 116*a - 490*a - 66476 = -509292. Calculate the greatest common factor of 1258 and a.
74
Let f = 4046 + -3044. Calculate the highest common divisor of f and 18.
6
Let h be ((-2)/3)/((-2)/288). Let b be ((-950)/(-171))/(6/27). Suppose -b*t - h = -31*t. What is the highest common factor of 8 and t?
8
Let t(j) = j**3 - 3*j**2 + 3*j + 9. Let g be t(0). Suppose g*u + 147 = 1119. Calculate the greatest common factor of 24 and u.
12
Let o be 6*(-6)/(-18) - -6. Suppose 0 = 2*q - 3*l - 191, -o*q + 7*q + 78 = 2*l. Let m = -16 - -27. Calculate the greatest common factor of m and q.
11
Let u(o) = 22*o. Let q(z) = -z**2 - 12*z - 24. Let s be q(-9). Let y be u(s). Let i = y + -63. What is the greatest common factor of i and 9?
3
Let o = -15 - -40. Let z(i) = i**3 + 45*i**2 - 754*i + 100. Let a be z(-58). Calculate the greatest common divisor of a and o.
25
Suppose -4*c - s = -6839, -1415 - 3698 = -3*c - 4*s. What is the highest common factor of 29 and c?
29
Let f be (-6 + 18)*10/6. Suppose 7*i = 2*i + 15. Let b(a) = -a**2 + 6*a - 1. Let l be b(i). What is the greatest common divisor of f and l?
4
Let w(m) = -416*m**3 - m**2 + m - 1. Let s be w(1). Let u = 453 + s. Calculate the greatest common factor of u and 576.
36
Suppose -3*j + 30 = -3*a - 3, -19 = -5*j - 4*a. Suppose j*s + 11*s = 4896. Calculate the greatest common divisor of 68 and s.
68
Let j(y) = -9*y**3 + y**2 - 2*y - 2. Let t be j(-1). Suppose -t*c = -3*c - 238. Calculate the greatest common factor of c and 272.
34
Suppose 17*s = 10*s + 63. Let m(b) = b**3 - 9*b**2 + 4*b - 22. Let k be m(s). What is the greatest common factor of 56 and k?
14
Let d = -2368 - -4590. Calculate the highest common factor of 22 and d.
22
Let x(i) = -5*i + 283. Let d(b) = 2*b - 141. Let w(s) = -9*d(s) - 4*x(s). Let r be w(0). Let p = -56 + r. Calculate the highest common factor of 9 and p.
9
Let j be -54*((-622)/36 - 12/54). Calculate the greatest common factor of j and 135.
135
Suppose -764 - 1597 = 4*w - u, -593 = w - 3*u. Let a be 59/w + (-242)/(-20). What is the highest common divisor of a and 36?
12
Suppose 24997 + 19586 = 579*x. Calculate the greatest common factor of 2380 and x.
7
Let z(a) = -235*a - 2806. Let g be z(-12). Calculate the highest common factor of 16310 and g.
14
Suppose 7 = 3*c - 98. Let f(s) = 6*s**3 + 49*s**2 - 218*s + 19. Let n be f(4). What is the greatest common factor of n and c?
35
Let o = 50 - 32. Suppose 2*t - 269 + 163 = -z, 4*t + 5*z - 206